{"id":92,"date":"2023-05-13T10:06:32","date_gmt":"2023-05-13T10:06:32","guid":{"rendered":"https:\/\/aischener-scouten.eu\/?page_id=92"},"modified":"2023-09-08T11:52:46","modified_gmt":"2023-09-08T11:52:46","slug":"carapio","status":"publish","type":"page","link":"https:\/\/aischener-scouten.eu\/?page_id=92","title":{"rendered":"Carapio"},"content":{"rendered":"\n<p class=\"has-medium-font-size\"><strong>Iwwert Carapio:<\/strong> Ganz vill W\u00e4ert g\u00ebtt geluecht op Matbest\u00ebmmung, souwuel bei der Wiel a Virbereedung, w\u00e9i och beim Duerchz\u00e9ie vun Aktivit\u00e9iten. Et l\u00e4it op der Hand, dass also och d\u2019Matverantwortung an den Engagement groussgeschriwwe ginn. Am Laf vum Joer ginn 1-2 Weekender geplangt, an den H\u00e9ichpunkt vum Joer ass e Camp, dee bei de CaraPio meeschtens am Ausland ass a wou am Zelt geschlof g\u00ebtt.Mir prob\u00e9ieren eis Versammlunge fir d\u00e9i Jugendlech sou flott ewei m\u00e9iglech ze gestalten, an dob\u00e4i steet Spaass un \u00e9ischter Stell. Och op Weekender, Sortien an um allj\u00e4erleche Summercamp erliewe mir onvergiesslech Momenter zesummen.<\/p>\n\n\n\n<p class=\"has-medium-font-size\"><strong>Alter:<\/strong> 14-17 Joer<\/p>\n\n\n\n<p class=\"has-medium-font-size\"><strong>Auerzeiten:<\/strong> Sa. 10:00-12:00<\/p>\n\n\n\n<p class=\"has-medium-font-size\"><strong>Branchenchef:<\/strong> Maxime Kauff<\/p>\n\n\n\n<p class=\"has-medium-font-size\"><strong>Cheffen:<\/strong> Maxime Kauff, Cory Santbergen<\/p>\n\n\n\n<p class=\"has-medium-font-size\"><strong>Kontakt:<\/strong> <a href=\"https:\/\/ha02.panel-admin.de:8443\/smb\/email-address\/edit\/id\/82\">carapio-chef@aischener-scouten.eu<\/a><\/p>\n\n\n\n<figure class=\"wp-block-image size-large is-resized\"><img loading=\"lazy\" decoding=\"async\" src=\"https:\/\/aischener-scouten.eu\/wp-content\/uploads\/2023\/03\/CaraPio_rgb-1024x1024-1-1024x1024.png\" alt=\"\" class=\"wp-image-48\" style=\"width:443px;height:443px\" width=\"443\" height=\"443\" srcset=\"https:\/\/aischener-scouten.eu\/wp-content\/uploads\/2023\/03\/CaraPio_rgb-1024x1024-1.png 1024w, https:\/\/aischener-scouten.eu\/wp-content\/uploads\/2023\/03\/CaraPio_rgb-1024x1024-1-300x300.png 300w, https:\/\/aischener-scouten.eu\/wp-content\/uploads\/2023\/03\/CaraPio_rgb-1024x1024-1-150x150.png 150w, https:\/\/aischener-scouten.eu\/wp-content\/uploads\/2023\/03\/CaraPio_rgb-1024x1024-1-768x768.png 768w\" sizes=\"auto, (max-width: 443px) 100vw, 443px\" \/><\/figure>\n\n\n\n<p class=\"has-medium-font-size\"><strong>Fotoen:<\/strong><\/p>\n\n\n\n<figure class=\"wp-block-gallery has-nested-images columns-default is-cropped wp-block-gallery-1 is-layout-flex wp-block-gallery-is-layout-flex\">\n<figure class=\"wp-block-image size-large\"><img loading=\"lazy\" decoding=\"async\" width=\"960\" height=\"720\" data-id=\"212\" src=\"https:\/\/aischener-scouten.eu\/wp-content\/uploads\/2023\/09\/357782362_667051782115802_4512740003960825291_n.jpg\" alt=\"\" class=\"wp-image-212\" srcset=\"https:\/\/aischener-scouten.eu\/wp-content\/uploads\/2023\/09\/357782362_667051782115802_4512740003960825291_n.jpg 960w, https:\/\/aischener-scouten.eu\/wp-content\/uploads\/2023\/09\/357782362_667051782115802_4512740003960825291_n-300x225.jpg 300w, https:\/\/aischener-scouten.eu\/wp-content\/uploads\/2023\/09\/357782362_667051782115802_4512740003960825291_n-768x576.jpg 768w\" sizes=\"auto, (max-width: 960px) 100vw, 960px\" \/><\/figure>\n\n\n\n<figure class=\"wp-block-image size-large\"><img loading=\"lazy\" decoding=\"async\" width=\"768\" height=\"1024\" data-id=\"215\" src=\"https:\/\/aischener-scouten.eu\/wp-content\/uploads\/2023\/09\/364006338_667052168782430_961737201716564434_n-768x1024.jpg\" alt=\"\" class=\"wp-image-215\" srcset=\"https:\/\/aischener-scouten.eu\/wp-content\/uploads\/2023\/09\/364006338_667052168782430_961737201716564434_n-768x1024.jpg 768w, https:\/\/aischener-scouten.eu\/wp-content\/uploads\/2023\/09\/364006338_667052168782430_961737201716564434_n-225x300.jpg 225w, https:\/\/aischener-scouten.eu\/wp-content\/uploads\/2023\/09\/364006338_667052168782430_961737201716564434_n-1152x1536.jpg 1152w, https:\/\/aischener-scouten.eu\/wp-content\/uploads\/2023\/09\/364006338_667052168782430_961737201716564434_n.jpg 1536w\" sizes=\"auto, (max-width: 768px) 100vw, 768px\" \/><\/figure>\n\n\n\n<figure class=\"wp-block-image size-large\"><img loading=\"lazy\" decoding=\"async\" width=\"1024\" height=\"768\" data-id=\"214\" src=\"https:\/\/aischener-scouten.eu\/wp-content\/uploads\/2023\/09\/364024400_667052215449092_6151286288160570031_n-1024x768.jpg\" alt=\"\" class=\"wp-image-214\" srcset=\"https:\/\/aischener-scouten.eu\/wp-content\/uploads\/2023\/09\/364024400_667052215449092_6151286288160570031_n-1024x768.jpg 1024w, https:\/\/aischener-scouten.eu\/wp-content\/uploads\/2023\/09\/364024400_667052215449092_6151286288160570031_n-300x225.jpg 300w, https:\/\/aischener-scouten.eu\/wp-content\/uploads\/2023\/09\/364024400_667052215449092_6151286288160570031_n-768x576.jpg 768w, https:\/\/aischener-scouten.eu\/wp-content\/uploads\/2023\/09\/364024400_667052215449092_6151286288160570031_n-1536x1152.jpg 1536w, https:\/\/aischener-scouten.eu\/wp-content\/uploads\/2023\/09\/364024400_667052215449092_6151286288160570031_n-2000x1500.jpg 2000w, https:\/\/aischener-scouten.eu\/wp-content\/uploads\/2023\/09\/364024400_667052215449092_6151286288160570031_n.jpg 2048w\" sizes=\"auto, (max-width: 1024px) 100vw, 1024px\" \/><\/figure>\n\n\n\n<figure class=\"wp-block-image size-large\"><img loading=\"lazy\" decoding=\"async\" width=\"1024\" height=\"768\" data-id=\"213\" src=\"https:\/\/aischener-scouten.eu\/wp-content\/uploads\/2023\/09\/364034855_667052152115765_7807616850188741696_n-1024x768.jpg\" alt=\"\" class=\"wp-image-213\" srcset=\"https:\/\/aischener-scouten.eu\/wp-content\/uploads\/2023\/09\/364034855_667052152115765_7807616850188741696_n-1024x768.jpg 1024w, https:\/\/aischener-scouten.eu\/wp-content\/uploads\/2023\/09\/364034855_667052152115765_7807616850188741696_n-300x225.jpg 300w, https:\/\/aischener-scouten.eu\/wp-content\/uploads\/2023\/09\/364034855_667052152115765_7807616850188741696_n-768x576.jpg 768w, https:\/\/aischener-scouten.eu\/wp-content\/uploads\/2023\/09\/364034855_667052152115765_7807616850188741696_n-1536x1152.jpg 1536w, https:\/\/aischener-scouten.eu\/wp-content\/uploads\/2023\/09\/364034855_667052152115765_7807616850188741696_n-2000x1500.jpg 2000w, https:\/\/aischener-scouten.eu\/wp-content\/uploads\/2023\/09\/364034855_667052152115765_7807616850188741696_n.jpg 2048w\" sizes=\"auto, (max-width: 1024px) 100vw, 1024px\" \/><\/figure>\n<\/figure>\n","protected":false},"excerpt":{"rendered":"<p>Iwwert Carapio: Ganz vill W\u00e4ert g\u00ebtt geluecht op Matbest\u00ebmmung, souwuel bei der Wiel a Virbereedung, w\u00e9i och beim Duerchz\u00e9ie vun Aktivit\u00e9iten. Et l\u00e4it op der Hand, dass also och d\u2019Matverantwortung an den Engagement groussgeschriwwe ginn. Am Laf vum Joer ginn 1-2 Weekender geplangt, an den H\u00e9ichpunkt vum Joer ass e Camp, dee bei de CaraPio &hellip; <\/p>\n<p class=\"link-more\"><a href=\"https:\/\/aischener-scouten.eu\/?page_id=92\" class=\"more-link\">Mehr <span class=\"screen-reader-text\">\u00fcber &#8222;Carapio&#8220; <\/span>Lesen<\/a><\/p>\n","protected":false},"author":1,"featured_media":0,"parent":0,"menu_order":0,"comment_status":"closed","ping_status":"closed","template":"","meta":{"footnotes":""},"class_list":["post-92","page","type-page","status-publish","hentry"],"_links":{"self":[{"href":"https:\/\/aischener-scouten.eu\/index.php?rest_route=\/wp\/v2\/pages\/92","targetHints":{"allow":["GET"]}}],"collection":[{"href":"https:\/\/aischener-scouten.eu\/index.php?rest_route=\/wp\/v2\/pages"}],"about":[{"href":"https:\/\/aischener-scouten.eu\/index.php?rest_route=\/wp\/v2\/types\/page"}],"author":[{"embeddable":true,"href":"https:\/\/aischener-scouten.eu\/index.php?rest_route=\/wp\/v2\/users\/1"}],"replies":[{"embeddable":true,"href":"https:\/\/aischener-scouten.eu\/index.php?rest_route=%2Fwp%2Fv2%2Fcomments&post=92"}],"version-history":[{"count":7,"href":"https:\/\/aischener-scouten.eu\/index.php?rest_route=\/wp\/v2\/pages\/92\/revisions"}],"predecessor-version":[{"id":217,"href":"https:\/\/aischener-scouten.eu\/index.php?rest_route=\/wp\/v2\/pages\/92\/revisions\/217"}],"wp:attachment":[{"href":"https:\/\/aischener-scouten.eu\/index.php?rest_route=%2Fwp%2Fv2%2Fmedia&parent=92"}],"curies":[{"name":"wp","href":"https:\/\/api.w.org\/{rel}","templated":true}]}}